pose -g - s*g = -72. Calculate the highest common divisor of 36 and g.
12
Let o(a) = 2*a**3 + 14*a**2 - a - 7. Let p be o(-7). Suppose 8*j = -p*j + 2080. Calculate the highest common divisor of j and 20.
20
Suppose 4*i - 6*i - 3*b + 555 = 0, b = 3*i - 816. Let g be i/(-14)*(-4)/6. Let v be 195/(-6)*4/(-2). What is the greatest common factor of v and g?
13
Let k(a) = -45*a - 13. Let z(y) = 2*y + 1. Let l(w) = k(w) + 2*z(w). Let b be l(-3). What is the greatest common divisor of 7 and b?
7
Let l = 112 - 35. What is the highest common divisor of 189 and l?
7
Let u = -36 + 57. Suppose -26 + u = -5*q. Calculate the greatest common divisor of 9 and q.
1
Let r(n) = -n**3 - 7*n**2 - 3*n - 8. Let b be r(-7). Suppose 125 = 4*m + b. What is the highest common divisor of 4 and m?
4
Let p = -1202 + 1410. Calculate the highest common factor of 156 and p.
52
Let y = -15 + 115. What is the greatest common divisor of 40 and y?
20
Let i(g) = 10*g**2 + 17*g - 307. Let q be i(9). What is the greatest common divisor of q and 41?
41
Suppose -200 = -3*d - 5*d. Calculate the greatest common divisor of d and 1000.
25
Let v = -26 - -13. Let x(t) = t + 18. Let m be x(v). Suppose 2*n + s = 2*s + 70, 4*n - s = 140. Calculate the greatest common factor of m and n.
5
Suppose -103 = -2*t - 13. Let v(m) = -m**3 - 18*m**2 - m - 18. Let c be v(-18). Suppose c = 11*r - 8*r - 15. What is the greatest common factor of r and t?
5
Let j(c) = c**2 + 7*c + 12. Let b be j(-5). Let z be ((-16)/b)/(-4) + 22. Let r = z - 12. Calculate the highest common factor of 3 and r.
3
Suppose 2*q = -7 + 27. Let u(k) = 2*k - 12. Let t be u(8). Suppose t*m + 2 = 122. What is the greatest common factor of m and q?
10
Let q(h) = -8*h + 37. Let x be q(-11). What is the highest common factor of x and 75?
25
Let q = -213 + 89. Let j = -70 - q. Calculate the greatest common divisor of j and 6.
6
Let g be (84/3)/(17/((-1224)/(-16))). What is the greatest common factor of g and 3?
3
Let w(i) = -i**3 + 6*i**2 + 6*i - 4. Let v be w(5). What is the greatest common divisor of v and 204?
51
Suppose 6 = -4*w + 26. Suppose 2*k - 19 = -p, -5*p + 27 = -w*k - 8. Let x = 24 + 97. Calculate the highest common divisor of p and x.
11
Let c(u) = 2*u - 20. Suppose 0 = -40*a + 35*a + 95. Let h be c(a). What is the highest common divisor of 144 and h?
18
Let h = 1255 - -520. What is the greatest common divisor of h and 25?
25
Let p be (44 + 0)*(0 + 1). Let z(n) = -3*n**2 + 177*n + 778. Let s be z(63). Calculate the greatest common divisor of p and s.
22
Let m(u) = u - 5. Let a be m(8). Suppose -g - a = -3*i + 2*g, 0 = -i + 4*g - 2. Suppose i*l - 12 = 10. What is the greatest common factor of 11 and l?
11
Suppose -3*c - 4*f = -388, -9*f = -5*c - 8*f + 685. What is the greatest common divisor of c and 1836?
68
Let b = 449 - 438. What is the greatest common factor of 781 and b?
11
Suppose 9*d - 6*d - 120 = 0. Let o(u) = -u**2 - 4*u + 5. Let c be o(-3). What is the highest common factor of c and d?
8
Let l(b) = b**3 - 3*b**2 - b - 3. Let r be (-8)/((12/(-3))/(-4)). Let n be (-32)/(-6) - r/(-6). Let g be l(n). What is the highest common divisor of g and 72?
9
Let k(r) = r**2 - 16*r + 44. Let i be k(13). Suppose -i*y + 241 + 19 = 0. Let v be -2 - -1 - (-2 + -12). Calculate the highest common divisor of y and v.
13
Suppose 10*d - 12*d + 122 = 0. Let z = d + -26. What is the greatest common factor of z and 21?
7
Suppose 5*d - 111 = -46. Let i be 9 - (1 - d)/(-3). Suppose i*r - 45 = 205. What is the highest common factor of 10 and r?
10
Let l(r) = 2*r + 3. Let k be l(1). Suppose 0 = s + m - 53, -2*m = -k*s - 3*m + 245. Calculate the greatest common divisor of s and 240.
48
Let h be (-421993)/(-1352) - 2/16. Calculate the highest common divisor of 104 and h.
104
Let i = -894 - -936. Calculate the greatest common divisor of i and 266.
14
Suppose 0 = -w - 0*w - 15. Let g be ((-1000)/w)/10*6/4. What is the greatest common factor of g and 30?
10
Let n be (-10 - 2)*3/(81/18). Let k be 5 - (-2 + 1 + 1). Let a be ((-14)/k)/(n/20). Calculate the greatest common divisor of 7 and a.
7
Let s = -26 - -32. Let r(p) = 11*p - 11. Let h be r(s). What is the greatest common divisor of 22 and h?
11
Let y = 6 - -1. Suppose -3*j + 3*s = -15, -3*s - y = 3*j - 4. Suppose -j*a = 3*a - 320. Calculate the highest common factor of a and 8.
8
Suppose -n + 48 = -0*n. Suppose 4*j = 16, 5*w - 4*w - 3*j + 6 = 0. What is the greatest common divisor of n and w?
6
Suppose 3*n - 435 = -5*y, n - 3*n - 10 = 0. Calculate the highest common divisor of 72 and y.
18
Suppose 0 = t - 5*u - 29, 2*u = -2*t + 3*t - 14. Suppose -a - k + 93 = 0, t*a - 3*k = -4*k + 378. What is the highest common divisor of a and 38?
19
Let m = 58 - 42. What is the highest common divisor of m and 144?
16
Suppose 4*c + 4*k + 0*k - 124 = 0, 4*k = 4*c - 84. Suppose 4*m - c = 54. Calculate the greatest common factor of m and 50.
10
Let j = 2627 + -993. Calculate the highest common divisor of 19 and j.
19
Let l = -273 - -723. Calculate the greatest common divisor of l and 18.
18
Let c(l) = l**2 + 2*l + 9. Let p(y) = -y**3 + 12*y**2 - y + 6. Let m be p(12). Let z be c(m). Calculate the highest common factor of z and 3.
3
Let o be (44/33)/(5/4440). What is the highest common factor of o and 32?
32
Let b = -382 + 427. Calculate the highest common factor of 20 and b.
5
Let y = 263 - 242. What is the highest common factor of 165 and y?
3
Let x(o) = 5*o**3 - o**2 - 3*o + 3. Let k be x(2). Suppose 0 = 4*d - 195 - 201. What is the highest common divisor of d and k?
33
Let j(n) = 6*n**2 - n + 1. Suppose r - 10 = -4*r. Let m be j(r). Suppose -102 = -b - 10. What is the greatest common factor of m and b?
23
Let y = -262 - -297. Calculate the highest common factor of y and 20.
5
Suppose -9*h + 5*h + 12 = 0. Suppose 5*d - 5*f = 3*d + 113, 0 = h*d + 2*f - 141. Suppose 3*p - 98 = d. What is the greatest common factor of p and 7?
7
Let t(c) be the second derivative of -c**5/20 - 7*c**4/4 - c**3/6 - 14*c. Let v be t(-21). Calculate the greatest common divisor of v and 3.
3
Suppose 25*d + 4812 = 22*d. Let v be 2/(-3 - 13) - d/32. What is the highest common divisor of 100 and v?
50
Let y be (-6 - -3)*52/(-6). Calculate the greatest common divisor of 117 and y.
13
Let o(d) = 3*d**2 + 23*d - 26. Let x be o(-10). Calculate the highest common divisor of x and 22.
22
Let h(u) = -u**2 - u - 1. Let o be h(-1). Let a be (2 + -6)*5*o. Let j(p) = 8*p**2 - 2*p + 2. Let y be j(2). What is the highest common divisor of a and y?
10
Suppose 4 = -15*y + 16*y. What is the greatest common divisor of 1 and y?
1
Let j be 33/44*28/3. Suppose 16 = j*l - 40. What is the greatest common divisor of l and 16?
8
Let l be (-1)/((-1)/17*-1). Let f(w) = -w**2 - 18*w - 20. Let k be f(-15). Let o = l + k. What is the greatest common factor of 8 and o?
8
Let i = -214 - -339. Calculate the highest common divisor of 100 and i.
25
Suppose s - 94 = -3*m, 0 = -16*m + 17*m - s - 26. Let r = -101 + 176. What is the highest common divisor of r and m?
15
Let s be -2 + (-3)/(-1) + 5. Let z be (40/(-25))/(s/(-135)). Suppose -64 - 32 = -4*p. What is the highest common divisor of p and z?
12
Suppose w - 4*w = -30. Let x(f) = f - 7. Let y be x(w). Suppose -y*r + 44 = r. Calculate the greatest common factor of 99 and r.
11
Let q be -2*(3 - 17/6)*6. Let z = 21 + q. Let h = 0 + 19. What is the greatest common divisor of h and z?
19
Let z be 59 + -54 + (-1 - 0) + 150. Calculate the greatest common divisor of z and 42.
14
Let u(q) = 2*q - 9. Let a be u(8). Let f = 14 + a. Suppose -4*g = -42 - 378. What is the greatest common factor of f and g?
21
Suppose -n - 3 = -37. Let r(z) = 10*z + 13. Let o be r(-1). Suppose 5*b - 325 = o*h, -3*b - 3*h = -4*h - 199. Calculate the highest common factor of b and n.
34
Let x(w) = -2*w**2 - 8*w + 3. Let q be x(-6). Let b = 99 + q. Let y = b + 22. What is the greatest common divisor of 10 and y?
10
Let t = 312 + -304. What is the highest common factor of t and 18?
2
Let i = -26 - -40. Suppose 4*x = i + 22. Calculate the greatest common divisor of x and 9.
9
Suppose 0 = -6*c + c + 405. Suppose 4*z = 5*z + 5. Let x be z - 212/(-16) - 3/(-4). Calculate the highest common divisor of c and x.
9
Suppose -g + 0*q + 20 = q, -3*q + 15 = 0. Suppos